{"id":2055,"date":"2024-11-19T10:23:22","date_gmt":"2024-11-19T15:23:22","guid":{"rendered":"https:\/\/medicamentquebec.ca\/index.php\/home\/news\/innovations-in-vaccine-technologies\/"},"modified":"2026-03-12T09:02:55","modified_gmt":"2026-03-12T13:02:55","slug":"industrial-access-to-academic-platform","status":"publish","type":"page","link":"https:\/\/medicamentquebec.ca\/index.php\/industrial-access-to-academic-platform\/?lang=en","title":{"rendered":"Industrial access to academic platforms"},"content":{"rendered":"<p>[vc_row][vc_column][vc_column_text]<\/p>\r\n<p>M\u00e9dicament Qu\u00e9bec \u2013 February 2026<\/p>\r\n<p><\/p>\r\n<p data-start=\"65\" data-end=\"499\">M\u00e9dicament Qu\u00e9bec invites Quebec life sciences companies to propose a structuring collaborative research activity related to drug and vaccine development. The objective is to facilitate companies\u2019 access to academic expertise, equipment, and infrastructure, while ensuring an active matchmaking role between industry and the academic sector. Funds provided will cover only expenses incurred within Quebec public research institutions.<\/p>\r\n<p class=\"has-text-align-left\" style=\"font-size: 16px;\">\u00a0<\/p>\r\n<p data-start=\"501\" data-end=\"519\"><strong>This call aims to:<\/strong><\/p>\r\n<p data-start=\"501\" data-end=\"519\">Address the needs of the industrial sector;<\/p>\r\n<ul>\r\n<li>Accelerate industry\u2013academia collaborations in Quebec;<\/li>\r\n<li>Create or optimize infrastructure, tools, or other initiatives that will generate benefits for Quebec society, offer commercialization potential, and\/or be sustainably maintained by industry and\/or academia;<\/li>\r\n<li>Maximize the impact of existing academic infrastructure;<\/li>\r\n<li>Accelerate the transfer of preclinical research into applications;<\/li>\r\n<li>Support activities with strong translational impact and high potential for sustainability;<\/li>\r\n<li>Strengthen local supply chains.<\/li>\r\n<\/ul>\r\n<p><\/p>\r\n<h3><a>Process<\/a><\/h3>\r\n<div>Expression of Interest submission deadline: March 31, 2026<\/div>\r\n<div>\r\n<p>Full application submission deadline: By invitation<\/p>\r\n<p>The call is open on a rolling basis, and submissions will be processed on a first-come, first-served basis.<\/p>\r\n<\/div>\r\n<div>The call is conducted in two stages:<\/div>\r\n<div aria-hidden=\"true\">\r\n<p data-start=\"326\" data-end=\"648\">1. Expression of Interest<br data-start=\"355\" data-end=\"358\" \/>Companies submit a proposal for a structuring collaborative research activity, which will be reviewed and supported by M\u00e9dicament Qu\u00e9bec. Support may include, where needed, the identification of relevant academic researchers and platforms, as well as facilitation of matchmaking activities.<\/p>\r\n<p data-start=\"650\" data-end=\"954\">2. Full Application<br data-start=\"673\" data-end=\"676\" \/>Teams whose Expression of Interest is deemed complete and eligible will be invited to submit a joint full application. Applications will be evaluated by independent experts and reviewed on a rolling basis. Funding will be awarded until the available envelope is fully allocated.<\/p>\r\n<h3 data-start=\"650\" data-end=\"954\">Documents<\/h3>\r\n<p data-start=\"650\" data-end=\"954\"><a href=\"https:\/\/medicamentquebec.ca\/wp-content\/uploads\/2026\/02\/One-Pager_Acces-industriel_ENG.png\" target=\"_blank\" rel=\"noopener\">Summary of the program<\/a><\/p>\r\n<p data-start=\"650\" data-end=\"954\"><a href=\"https:\/\/medicamentquebec.ca\/wp-content\/uploads\/2026\/02\/Guide-daccompagnement_2026-02-25_EN_FINAL-1.pdf\" target=\"_blank\" rel=\"noopener\">Program Guide<\/a><\/p>\r\n<p data-start=\"650\" data-end=\"954\"><a href=\"https:\/\/medicamentquebec.ca\/wp-content\/uploads\/2026\/02\/Formulaire-de-declaration-dinteret_2026-02-25_FINAL.docx\" target=\"_blank\" rel=\"noopener\">Expression of Interest Form<\/a><\/p>\r\n<h3 data-start=\"650\" data-end=\"954\">Webinar<\/h3>\r\n<p data-start=\"650\" data-end=\"954\">An informational webinar took place on March 10 (in French).<\/p>\r\n<p data-start=\"650\" data-end=\"954\"><a href=\"https:\/\/youtu.be\/lr-GfPKKmoo\"><img loading=\"lazy\" decoding=\"async\" class=\"alignnone size-medium wp-image-3483\" src=\"https:\/\/medicamentquebec.ca\/wp-content\/uploads\/2026\/03\/Webinaire-300x160.png\" alt=\"\" width=\"300\" height=\"160\" srcset=\"https:\/\/medicamentquebec.ca\/wp-content\/uploads\/2026\/03\/Webinaire-300x160.png 300w, https:\/\/medicamentquebec.ca\/wp-content\/uploads\/2026\/03\/Webinaire.png 720w\" sizes=\"auto, (max-width: 300px) 100vw, 300px\" \/><\/a><\/p>\r\n<p data-start=\"650\" data-end=\"954\"><a href=\"https:\/\/youtu.be\/lr-GfPKKmoo\" target=\"_blank\" rel=\"noopener\">Click here to watch the webinar<\/a><\/p>\r\n<p data-start=\"650\" data-end=\"954\"><a href=\"https:\/\/medicamentquebec.ca\/wp-content\/uploads\/2026\/03\/Medicament-Quebec-_-Acces-industriel-aux-plateformes-academiques-10-mars-2026-1.pdf\">Read the presentation<\/a><\/p>\r\n<\/div>\r\n<div aria-hidden=\"true\">\u00a0<\/div>\r\n<p><\/p>\r\n<div>\r\n<div dir=\"auto\" data-message-author-role=\"assistant\" data-message-id=\"23e727f0-8ed1-4282-ab14-d2ec75e8f955\" data-message-model-slug=\"gpt-4o\">\r\n<div>\r\n<div>For additional information or support requests, please contact the M\u00e9dicament Qu\u00e9bec team promptly at <a href=\"mailto:medicament-quebec@umontreal.ca\" rel=\"noopener\">medicament-quebec@umontreal.ca<\/a><\/div>\r\n<\/div>\r\n<\/div>\r\n<\/div>\r\n<div class=\"mb-2 flex gap-3 empty:hidden -ml-2\">\r\n<div class=\"items-center justify-start rounded-xl p-1 flex\">\r\n<div class=\"flex items-center\">\u00a0<\/div>\r\n<\/div>\r\n<\/div>\r\n<p>[\/vc_column_text][\/vc_column][\/vc_row]<\/p>\r\n<p class=\"has-text-align-left\"><\/p>","protected":false},"excerpt":{"rendered":"<p>[vc_row][vc_column][vc_column_text] M\u00e9dicament Qu\u00e9bec \u2013 February 2026 M\u00e9dicament Qu\u00e9bec invites Quebec life sciences companies to propose a structuring collaborative research activity related to drug and vaccine&#8230;<\/p>\n<p class=\"readmore\"><a class=\"more-btn\" href=\"https:\/\/medicamentquebec.ca\/index.php\/industrial-access-to-academic-platform\/?lang=en\">Lire la suite<\/a><\/p>\n","protected":false},"author":5,"featured_media":0,"parent":0,"menu_order":0,"comment_status":"closed","ping_status":"closed","template":"","meta":{"footnotes":""},"class_list":["post-2055","page","type-page","status-publish","hentry"],"yoast_head":"<!-- This site is optimized with the Yoast SEO plugin v27.3 - https:\/\/yoast.com\/product\/yoast-seo-wordpress\/ -->\n<title>Industrial access to academic platforms - M\u00e9dicament Qu\u00e9bec<\/title>\n<meta name=\"description\" content=\"En favorisant les partenariats entre les universit\u00e9s, les coll\u00e8ges et des entreprises pharmaceutiques, M\u00e9dicament Qu\u00e9bec acc\u00e9l\u00e8re la d\u00e9couverte et la production du m\u00e9dicament et l\u2019innovation en sant\u00e9.\" \/>\n<meta name=\"robots\" content=\"index, follow, max-snippet:-1, max-image-preview:large, max-video-preview:-1\" \/>\n<link rel=\"canonical\" href=\"https:\/\/medicamentquebec.ca\/index.php\/industrial-access-to-academic-platform\/\" \/>\n<meta property=\"og:locale\" content=\"fr_FR\" \/>\n<meta property=\"og:type\" content=\"article\" \/>\n<meta property=\"og:title\" content=\"Industrial access to academic platforms - M\u00e9dicament Qu\u00e9bec\" \/>\n<meta property=\"og:description\" content=\"En favorisant les partenariats entre les universit\u00e9s, les coll\u00e8ges et des entreprises pharmaceutiques, M\u00e9dicament Qu\u00e9bec acc\u00e9l\u00e8re la d\u00e9couverte et la production du m\u00e9dicament et l\u2019innovation en sant\u00e9.\" \/>\n<meta property=\"og:url\" content=\"https:\/\/medicamentquebec.ca\/index.php\/industrial-access-to-academic-platform\/?lang=en\" \/>\n<meta property=\"og:site_name\" content=\"M\u00e9dicament Qu\u00e9bec\" \/>\n<meta property=\"article:modified_time\" content=\"2026-03-12T13:02:55+00:00\" \/>\n<meta property=\"og:image\" content=\"https:\/\/medicamentquebec.ca\/wp-content\/uploads\/2026\/03\/Webinaire.png\" \/>\n\t<meta property=\"og:image:width\" content=\"720\" \/>\n\t<meta property=\"og:image:height\" content=\"384\" \/>\n\t<meta property=\"og:image:type\" content=\"image\/png\" \/>\n<meta name=\"twitter:card\" content=\"summary_large_image\" \/>\n<meta name=\"twitter:label1\" content=\"Dur\u00e9e de lecture estim\u00e9e\" \/>\n\t<meta name=\"twitter:data1\" content=\"2 minutes\" \/>\n<script type=\"application\/ld+json\" class=\"yoast-schema-graph\">{\"@context\":\"https:\\\/\\\/schema.org\",\"@graph\":[{\"@type\":\"WebPage\",\"@id\":\"https:\\\/\\\/medicamentquebec.ca\\\/index.php\\\/industrial-access-to-academic-platform\\\/?lang=en\",\"url\":\"https:\\\/\\\/medicamentquebec.ca\\\/index.php\\\/industrial-access-to-academic-platform\\\/?lang=en\",\"name\":\"Industrial access to academic platforms - M\u00e9dicament Qu\u00e9bec\",\"isPartOf\":{\"@id\":\"https:\\\/\\\/medicamentquebec.ca\\\/#website\"},\"primaryImageOfPage\":{\"@id\":\"https:\\\/\\\/medicamentquebec.ca\\\/index.php\\\/industrial-access-to-academic-platform\\\/?lang=en#primaryimage\"},\"image\":{\"@id\":\"https:\\\/\\\/medicamentquebec.ca\\\/index.php\\\/industrial-access-to-academic-platform\\\/?lang=en#primaryimage\"},\"thumbnailUrl\":\"https:\\\/\\\/medicamentquebec.ca\\\/wp-content\\\/uploads\\\/2026\\\/03\\\/Webinaire-300x160.png\",\"datePublished\":\"2024-11-19T15:23:22+00:00\",\"dateModified\":\"2026-03-12T13:02:55+00:00\",\"description\":\"En favorisant les partenariats entre les universit\u00e9s, les coll\u00e8ges et des entreprises pharmaceutiques, M\u00e9dicament Qu\u00e9bec acc\u00e9l\u00e8re la d\u00e9couverte et la production du m\u00e9dicament et l\u2019innovation en sant\u00e9.\",\"breadcrumb\":{\"@id\":\"https:\\\/\\\/medicamentquebec.ca\\\/index.php\\\/industrial-access-to-academic-platform\\\/?lang=en#breadcrumb\"},\"inLanguage\":\"fr-FR\",\"potentialAction\":[{\"@type\":\"ReadAction\",\"target\":[\"https:\\\/\\\/medicamentquebec.ca\\\/index.php\\\/industrial-access-to-academic-platform\\\/?lang=en\"]}]},{\"@type\":\"ImageObject\",\"inLanguage\":\"fr-FR\",\"@id\":\"https:\\\/\\\/medicamentquebec.ca\\\/index.php\\\/industrial-access-to-academic-platform\\\/?lang=en#primaryimage\",\"url\":\"https:\\\/\\\/medicamentquebec.ca\\\/wp-content\\\/uploads\\\/2026\\\/03\\\/Webinaire.png\",\"contentUrl\":\"https:\\\/\\\/medicamentquebec.ca\\\/wp-content\\\/uploads\\\/2026\\\/03\\\/Webinaire.png\",\"width\":720,\"height\":384},{\"@type\":\"BreadcrumbList\",\"@id\":\"https:\\\/\\\/medicamentquebec.ca\\\/index.php\\\/industrial-access-to-academic-platform\\\/?lang=en#breadcrumb\",\"itemListElement\":[{\"@type\":\"ListItem\",\"position\":1,\"name\":\"Accueil\",\"item\":\"https:\\\/\\\/medicamentquebec.ca\\\/\"},{\"@type\":\"ListItem\",\"position\":2,\"name\":\"Industrial access to academic platforms\"}]},{\"@type\":\"WebSite\",\"@id\":\"https:\\\/\\\/medicamentquebec.ca\\\/#website\",\"url\":\"https:\\\/\\\/medicamentquebec.ca\\\/\",\"name\":\"M\u00e9dicament Qu\u00e9bec\",\"description\":\"\",\"publisher\":{\"@id\":\"https:\\\/\\\/medicamentquebec.ca\\\/#organization\"},\"potentialAction\":[{\"@type\":\"SearchAction\",\"target\":{\"@type\":\"EntryPoint\",\"urlTemplate\":\"https:\\\/\\\/medicamentquebec.ca\\\/?s={search_term_string}\"},\"query-input\":{\"@type\":\"PropertyValueSpecification\",\"valueRequired\":true,\"valueName\":\"search_term_string\"}}],\"inLanguage\":\"fr-FR\"},{\"@type\":\"Organization\",\"@id\":\"https:\\\/\\\/medicamentquebec.ca\\\/#organization\",\"name\":\"M\u00e9dicament Qu\u00e9bec\",\"url\":\"https:\\\/\\\/medicamentquebec.ca\\\/\",\"logo\":{\"@type\":\"ImageObject\",\"inLanguage\":\"fr-FR\",\"@id\":\"https:\\\/\\\/medicamentquebec.ca\\\/#\\\/schema\\\/logo\\\/image\\\/\",\"url\":\"https:\\\/\\\/medicamentquebec.ca\\\/wp-content\\\/uploads\\\/2021\\\/06\\\/logo-alt_mq.png\",\"contentUrl\":\"https:\\\/\\\/medicamentquebec.ca\\\/wp-content\\\/uploads\\\/2021\\\/06\\\/logo-alt_mq.png\",\"width\":494,\"height\":266,\"caption\":\"M\u00e9dicament Qu\u00e9bec\"},\"image\":{\"@id\":\"https:\\\/\\\/medicamentquebec.ca\\\/#\\\/schema\\\/logo\\\/image\\\/\"}}]}<\/script>\n<!-- \/ Yoast SEO plugin. -->","yoast_head_json":{"title":"Industrial access to academic platforms - M\u00e9dicament Qu\u00e9bec","description":"En favorisant les partenariats entre les universit\u00e9s, les coll\u00e8ges et des entreprises pharmaceutiques, M\u00e9dicament Qu\u00e9bec acc\u00e9l\u00e8re la d\u00e9couverte et la production du m\u00e9dicament et l\u2019innovation en sant\u00e9.","robots":{"index":"index","follow":"follow","max-snippet":"max-snippet:-1","max-image-preview":"max-image-preview:large","max-video-preview":"max-video-preview:-1"},"canonical":"https:\/\/medicamentquebec.ca\/index.php\/industrial-access-to-academic-platform\/","og_locale":"fr_FR","og_type":"article","og_title":"Industrial access to academic platforms - M\u00e9dicament Qu\u00e9bec","og_description":"En favorisant les partenariats entre les universit\u00e9s, les coll\u00e8ges et des entreprises pharmaceutiques, M\u00e9dicament Qu\u00e9bec acc\u00e9l\u00e8re la d\u00e9couverte et la production du m\u00e9dicament et l\u2019innovation en sant\u00e9.","og_url":"https:\/\/medicamentquebec.ca\/index.php\/industrial-access-to-academic-platform\/?lang=en","og_site_name":"M\u00e9dicament Qu\u00e9bec","article_modified_time":"2026-03-12T13:02:55+00:00","og_image":[{"width":720,"height":384,"url":"https:\/\/medicamentquebec.ca\/wp-content\/uploads\/2026\/03\/Webinaire.png","type":"image\/png"}],"twitter_card":"summary_large_image","twitter_misc":{"Dur\u00e9e de lecture estim\u00e9e":"2 minutes"},"schema":{"@context":"https:\/\/schema.org","@graph":[{"@type":"WebPage","@id":"https:\/\/medicamentquebec.ca\/index.php\/industrial-access-to-academic-platform\/?lang=en","url":"https:\/\/medicamentquebec.ca\/index.php\/industrial-access-to-academic-platform\/?lang=en","name":"Industrial access to academic platforms - M\u00e9dicament Qu\u00e9bec","isPartOf":{"@id":"https:\/\/medicamentquebec.ca\/#website"},"primaryImageOfPage":{"@id":"https:\/\/medicamentquebec.ca\/index.php\/industrial-access-to-academic-platform\/?lang=en#primaryimage"},"image":{"@id":"https:\/\/medicamentquebec.ca\/index.php\/industrial-access-to-academic-platform\/?lang=en#primaryimage"},"thumbnailUrl":"https:\/\/medicamentquebec.ca\/wp-content\/uploads\/2026\/03\/Webinaire-300x160.png","datePublished":"2024-11-19T15:23:22+00:00","dateModified":"2026-03-12T13:02:55+00:00","description":"En favorisant les partenariats entre les universit\u00e9s, les coll\u00e8ges et des entreprises pharmaceutiques, M\u00e9dicament Qu\u00e9bec acc\u00e9l\u00e8re la d\u00e9couverte et la production du m\u00e9dicament et l\u2019innovation en sant\u00e9.","breadcrumb":{"@id":"https:\/\/medicamentquebec.ca\/index.php\/industrial-access-to-academic-platform\/?lang=en#breadcrumb"},"inLanguage":"fr-FR","potentialAction":[{"@type":"ReadAction","target":["https:\/\/medicamentquebec.ca\/index.php\/industrial-access-to-academic-platform\/?lang=en"]}]},{"@type":"ImageObject","inLanguage":"fr-FR","@id":"https:\/\/medicamentquebec.ca\/index.php\/industrial-access-to-academic-platform\/?lang=en#primaryimage","url":"https:\/\/medicamentquebec.ca\/wp-content\/uploads\/2026\/03\/Webinaire.png","contentUrl":"https:\/\/medicamentquebec.ca\/wp-content\/uploads\/2026\/03\/Webinaire.png","width":720,"height":384},{"@type":"BreadcrumbList","@id":"https:\/\/medicamentquebec.ca\/index.php\/industrial-access-to-academic-platform\/?lang=en#breadcrumb","itemListElement":[{"@type":"ListItem","position":1,"name":"Accueil","item":"https:\/\/medicamentquebec.ca\/"},{"@type":"ListItem","position":2,"name":"Industrial access to academic platforms"}]},{"@type":"WebSite","@id":"https:\/\/medicamentquebec.ca\/#website","url":"https:\/\/medicamentquebec.ca\/","name":"M\u00e9dicament Qu\u00e9bec","description":"","publisher":{"@id":"https:\/\/medicamentquebec.ca\/#organization"},"potentialAction":[{"@type":"SearchAction","target":{"@type":"EntryPoint","urlTemplate":"https:\/\/medicamentquebec.ca\/?s={search_term_string}"},"query-input":{"@type":"PropertyValueSpecification","valueRequired":true,"valueName":"search_term_string"}}],"inLanguage":"fr-FR"},{"@type":"Organization","@id":"https:\/\/medicamentquebec.ca\/#organization","name":"M\u00e9dicament Qu\u00e9bec","url":"https:\/\/medicamentquebec.ca\/","logo":{"@type":"ImageObject","inLanguage":"fr-FR","@id":"https:\/\/medicamentquebec.ca\/#\/schema\/logo\/image\/","url":"https:\/\/medicamentquebec.ca\/wp-content\/uploads\/2021\/06\/logo-alt_mq.png","contentUrl":"https:\/\/medicamentquebec.ca\/wp-content\/uploads\/2021\/06\/logo-alt_mq.png","width":494,"height":266,"caption":"M\u00e9dicament Qu\u00e9bec"},"image":{"@id":"https:\/\/medicamentquebec.ca\/#\/schema\/logo\/image\/"}}]}},"_links":{"self":[{"href":"https:\/\/medicamentquebec.ca\/index.php\/wp-json\/wp\/v2\/pages\/2055","targetHints":{"allow":["GET"]}}],"collection":[{"href":"https:\/\/medicamentquebec.ca\/index.php\/wp-json\/wp\/v2\/pages"}],"about":[{"href":"https:\/\/medicamentquebec.ca\/index.php\/wp-json\/wp\/v2\/types\/page"}],"author":[{"embeddable":true,"href":"https:\/\/medicamentquebec.ca\/index.php\/wp-json\/wp\/v2\/users\/5"}],"replies":[{"embeddable":true,"href":"https:\/\/medicamentquebec.ca\/index.php\/wp-json\/wp\/v2\/comments?post=2055"}],"version-history":[{"count":38,"href":"https:\/\/medicamentquebec.ca\/index.php\/wp-json\/wp\/v2\/pages\/2055\/revisions"}],"predecessor-version":[{"id":3493,"href":"https:\/\/medicamentquebec.ca\/index.php\/wp-json\/wp\/v2\/pages\/2055\/revisions\/3493"}],"wp:attachment":[{"href":"https:\/\/medicamentquebec.ca\/index.php\/wp-json\/wp\/v2\/media?parent=2055"}],"curies":[{"name":"wp","href":"https:\/\/api.w.org\/{rel}","templated":true}]}}