{"id":334,"date":"2021-06-02T16:27:21","date_gmt":"2021-06-02T20:27:21","guid":{"rendered":"http:\/\/medicamentquebec.ca\/?page_id=334"},"modified":"2022-12-14T15:37:15","modified_gmt":"2022-12-14T20:37:15","slug":"comite-de-gouvernance","status":"publish","type":"page","link":"https:\/\/medicamentquebec.ca\/index.php\/homepage\/comite-de-gouvernance\/","title":{"rendered":"Comit\u00e9 de gouvernance"},"content":{"rendered":"<p>[vc_row][vc_column][vc_row_inner][vc_column_inner]<div class=\"dt-title-wrapper\"><h1 class=\"section-title\">Comit\u00e9 de gouvernance<\/h1><\/div>[vc_column_text]<\/p>\n<div>Le comit\u00e9 de gouvernance pilote le projet M\u00e9dicament Qu\u00e9bec.<\/div>\n<h2><\/h2>\n<h2>Mandat<\/h2>\n<div>\n<div>\n<ul>\n<li>F\u00e9d\u00e9rer l\u2019ensemble des intervenants universitaires, coll\u00e9giaux et industriels actifs dans la fili\u00e8re du m\u00e9dicament<\/li>\n<li>Identifier des moyens permettant d\u2019enrichir les principaux piliers vis\u00e9s par la convention de subvention<\/li>\n<li>\u00c9laborer une vision strat\u00e9gique de la relance de la fili\u00e8re du m\u00e9dicament au Qu\u00e9bec<\/li>\n<li>Identifier des activit\u00e9s novatrices, multi-institutionnelles et multiorganisationnelles, qui sont porteuses de solutions collectives et susceptibles de g\u00e9n\u00e9rer des impacts importants dans la relance du m\u00e9dicament<\/li>\n<li>Conform\u00e9ment \u00e0 la vision strat\u00e9gique \u00e9labor\u00e9e, constituer des piliers suppl\u00e9mentairespour soutenir la relance du m\u00e9dicament<\/li>\n<li>D\u00e9velopper des avenues de financement dans le cadre des projets de recherche en partenariat<\/li>\n<li>\u00c9tablir le budget de fonctionnement<\/li>\n<li>Proposer le plan annuel d\u2019activit\u00e9s pour \u00eatre financ\u00e9es par la subvention<\/li>\n<li>Ent\u00e9riner le rapport annuel et le rapport financier<\/li>\n<li>Mettre en \u0153uvre et assurer le suivi des activit\u00e9s<\/li>\n<\/ul>\n<h2>Composition<\/h2>\n<h2><\/h2>\n<\/div>\n<div>\n<p>La composition du comit\u00e9 de gouvernance a \u00e9t\u00e9 approuv\u00e9e par le <a class=\"site-link\" href=\"https:\/\/www.economie.gouv.qc.ca\/\"><span class=\"\">minist\u00e8re de l&#8217;\u00c9conomie, de l&#8217;Innovation et de l&#8217;\u00c9nergie<\/span><\/a> et pr\u00e9sid\u00e9 par l\u2019Universit\u00e9 de Montr\u00e9al.<\/p>\n<\/div>\n<\/div>\n<p>[\/vc_column_text][vc_column_text]\n<table id=\"tablepress-1\" class=\"tablepress tablepress-id-1\">\n<tbody>\n<tr class=\"row-1\">\n\t<td class=\"column-1\">Repr\u00e9sentant du Fonds de recherche du Qu\u00e9bec en sant\u00e9 <\/td><td class=\"column-2\"><strong>Carole Jabet<\/strong><br \/>\nVice-pr\u00e9sidente recherche \u2013 direction scientifique secteur Sant\u00e9  <br \/>\nFonds de recherche du Qu\u00e9bec en sant\u00e9<br \/>\n(copr\u00e9sidente du comit\u00e9 )<\/td>\n<\/tr>\n<tr class=\"row-2\">\n\t<td class=\"column-1\">Un (1) repr\u00e9sentant de chacune des universit\u00e9s participantes  <\/td><td class=\"column-2\"><strong>Sylvie Lesage<\/strong><br \/>\nVice-rectrice adjointe \u00e0 la recherche<br \/>\net \u00e0 l\u2019innovation (Secteur sant\u00e9)<br \/>\nUniversit\u00e9 de Montr\u00e9al<br \/>\n<br \/>\n <strong>Fr\u00e9d\u00e9ric Picard<\/strong><br \/>\nVice-recteur adjoint \u00e0 la recherche, \u00e0 la cr\u00e9ation et \u00e0 l\u2019innovation <br \/>\nUniversit\u00e9 Laval<br \/>\n <br \/>\n<strong>Anne Lessard<\/strong><br \/>\nVice-rectrice \u00e0 la recherche et<br \/>\nvice-rectrice aux relations internationales<br \/>\nUniversit\u00e9 de Sherbrooke<br \/>\n <br \/>\n<strong>Philippe Gros<\/strong><br \/>\nDirecteur scientifique en chef de l\u2019initiative D2R<br \/>\nUniversit\u00e9 McGill<br \/>\n<\/td>\n<\/tr>\n<tr class=\"row-3\">\n\t<td class=\"column-1\">Un (1) repr\u00e9sentant d\u2019un coll\u00e8ge \/ Centre coll\u00e9gial de transfert de technologie <\/td><td class=\"column-2\"><strong>Nancy D\u00e9ziel<\/strong><br \/>\nDirectrice g\u00e9n\u00e9rale<br \/>\nCentre national en \u00e9lectrochimie et en technologies environnementales<br \/>\n<\/td>\n<\/tr>\n<tr class=\"row-4\">\n\t<td class=\"column-1\">Cinq (5) repr\u00e9sentants de l\u2019industrie <\/td><td class=\"column-2\"><strong>Pierre Beauparlant<\/strong><br \/>\nDirecteur g\u00e9n\u00e9ral ex\u00e9cutif, Finchley Healthcare Ventures, Pharmascience Inc. <br \/>\n<br \/>\n<strong>Roger-Ketcha Ngassam<\/strong><br \/>\nDirecteur de site, Moderna<br \/>\n <br \/>\n<strong>David Cotnoir-White<\/strong><br \/>\nCofondateur et chef de la direction, Modulari-T<br \/>\n<br \/>\n<strong>C\u00e9dric H\u00e9roux<\/strong><br \/>\nPr\u00e9sident, Directeur G\u00e9n\u00e9ral, Biodextris<br \/>\n<\/td>\n<\/tr>\n<tr class=\"row-5\">\n\t<td class=\"column-1\">Repr\u00e9sentant(s) du Minist\u00e8re de l\u2019\u00c9conomie, de l\u2019Innovation et de l'\u00c9nergie (observateur(s)) <\/td><td class=\"column-2\"><strong>Marco Blouin<\/strong><br \/>\nDirecteur g\u00e9n\u00e9ral<br \/>\nDirection g\u00e9n\u00e9rale de la Science et des Partenariats<br \/>\nMinist\u00e8re de l\u2019\u00c9conomie, de l\u2019Innovation et de l'\u00c9nergie<br \/>\n  <br \/>\n<strong>Brigitte St-Denis<\/strong><br \/>\nConseill\u00e8re sectorielle experte<br \/>\nDirection des sciences de la vie et des technologies environnementales<br \/>\nMinist\u00e8re de l\u2019\u00c9conomie, de l\u2019Innovation et de l\u2019\u00c9nergie<br \/>\n <br \/>\n<strong>Annie Blouin<\/strong><br \/>\nSoutien en organisations<br \/>\nMinist\u00e8re de l\u2019\u00c9conomie, de l\u2019Innovation et de l'\u00c9nergie<br \/>\n<br \/>\n<strong>Bi Toubouhi Hermann Sehi<\/strong><br \/>\nConseiller en sciences de la vie<br \/>\nDirection du soutien aux organisations<br \/>\nMinist\u00e8re de l\u2019\u00c9conomie, de l\u2019Innovation et de l\u2019\u00c9nergie<\/td>\n<\/tr>\n<\/tbody>\n<\/table>\n<!-- #tablepress-1 from cache -->[\/vc_column_text][\/vc_column_inner][\/vc_row_inner][\/vc_column][\/vc_row]<\/p>\n","protected":false},"excerpt":{"rendered":"<p>[vc_row][vc_column][vc_row_inner][vc_column_inner][vc_column_text] Le comit\u00e9 de gouvernance pilote le projet M\u00e9dicament Qu\u00e9bec. Mandat F\u00e9d\u00e9rer l\u2019ensemble des intervenants universitaires, coll\u00e9giaux et industriels actifs dans la fili\u00e8re du m\u00e9dicament&#8230;<\/p>\n<p class=\"readmore\"><a class=\"more-btn\" href=\"https:\/\/medicamentquebec.ca\/index.php\/homepage\/comite-de-gouvernance\/\">Lire la suite<\/a><\/p>\n","protected":false},"author":1,"featured_media":0,"parent":82,"menu_order":0,"comment_status":"closed","ping_status":"closed","template":"template-homepage.php","meta":{"footnotes":""},"class_list":["post-334","page","type-page","status-publish","hentry"],"yoast_head":"<!-- This site is optimized with the Yoast SEO plugin v27.3 - https:\/\/yoast.com\/product\/yoast-seo-wordpress\/ -->\n<title>Comit\u00e9 de gouvernance - M\u00e9dicament Qu\u00e9bec<\/title>\n<meta name=\"description\" content=\"En favorisant les partenariats entre les universit\u00e9s, les coll\u00e8ges et des entreprises pharmaceutiques, M\u00e9dicament Qu\u00e9bec acc\u00e9l\u00e8re la d\u00e9couverte et la production du m\u00e9dicament et l\u2019innovation en sant\u00e9.\" \/>\n<meta name=\"robots\" content=\"index, follow, max-snippet:-1, max-image-preview:large, max-video-preview:-1\" \/>\n<link rel=\"canonical\" href=\"https:\/\/medicamentquebec.ca\/index.php\/homepage\/comite-de-gouvernance\/\" \/>\n<meta property=\"og:locale\" content=\"fr_FR\" \/>\n<meta property=\"og:type\" content=\"article\" \/>\n<meta property=\"og:title\" content=\"Comit\u00e9 de gouvernance - M\u00e9dicament Qu\u00e9bec\" \/>\n<meta property=\"og:description\" content=\"En favorisant les partenariats entre les universit\u00e9s, les coll\u00e8ges et des entreprises pharmaceutiques, M\u00e9dicament Qu\u00e9bec acc\u00e9l\u00e8re la d\u00e9couverte et la production du m\u00e9dicament et l\u2019innovation en sant\u00e9.\" \/>\n<meta property=\"og:url\" content=\"https:\/\/medicamentquebec.ca\/index.php\/homepage\/comite-de-gouvernance\/\" \/>\n<meta property=\"og:site_name\" content=\"M\u00e9dicament Qu\u00e9bec\" \/>\n<meta property=\"article:modified_time\" content=\"2022-12-14T20:37:15+00:00\" \/>\n<meta name=\"twitter:card\" content=\"summary_large_image\" \/>\n<meta name=\"twitter:label1\" content=\"Dur\u00e9e de lecture estim\u00e9e\" \/>\n\t<meta name=\"twitter:data1\" content=\"1 minute\" \/>\n<script type=\"application\/ld+json\" class=\"yoast-schema-graph\">{\"@context\":\"https:\\\/\\\/schema.org\",\"@graph\":[{\"@type\":\"WebPage\",\"@id\":\"https:\\\/\\\/medicamentquebec.ca\\\/index.php\\\/homepage\\\/comite-de-gouvernance\\\/\",\"url\":\"https:\\\/\\\/medicamentquebec.ca\\\/index.php\\\/homepage\\\/comite-de-gouvernance\\\/\",\"name\":\"Comit\u00e9 de gouvernance - M\u00e9dicament Qu\u00e9bec\",\"isPartOf\":{\"@id\":\"https:\\\/\\\/medicamentquebec.ca\\\/#website\"},\"datePublished\":\"2021-06-02T20:27:21+00:00\",\"dateModified\":\"2022-12-14T20:37:15+00:00\",\"description\":\"En favorisant les partenariats entre les universit\u00e9s, les coll\u00e8ges et des entreprises pharmaceutiques, M\u00e9dicament Qu\u00e9bec acc\u00e9l\u00e8re la d\u00e9couverte et la production du m\u00e9dicament et l\u2019innovation en sant\u00e9.\",\"breadcrumb\":{\"@id\":\"https:\\\/\\\/medicamentquebec.ca\\\/index.php\\\/homepage\\\/comite-de-gouvernance\\\/#breadcrumb\"},\"inLanguage\":\"fr-FR\",\"potentialAction\":[{\"@type\":\"ReadAction\",\"target\":[\"https:\\\/\\\/medicamentquebec.ca\\\/index.php\\\/homepage\\\/comite-de-gouvernance\\\/\"]}]},{\"@type\":\"BreadcrumbList\",\"@id\":\"https:\\\/\\\/medicamentquebec.ca\\\/index.php\\\/homepage\\\/comite-de-gouvernance\\\/#breadcrumb\",\"itemListElement\":[{\"@type\":\"ListItem\",\"position\":1,\"name\":\"Accueil\",\"item\":\"https:\\\/\\\/medicamentquebec.ca\\\/\"},{\"@type\":\"ListItem\",\"position\":2,\"name\":\"Accueil\",\"item\":\"https:\\\/\\\/medicamentquebec.ca\\\/\"},{\"@type\":\"ListItem\",\"position\":3,\"name\":\"Comit\u00e9 de gouvernance\"}]},{\"@type\":\"WebSite\",\"@id\":\"https:\\\/\\\/medicamentquebec.ca\\\/#website\",\"url\":\"https:\\\/\\\/medicamentquebec.ca\\\/\",\"name\":\"M\u00e9dicament Qu\u00e9bec\",\"description\":\"\",\"publisher\":{\"@id\":\"https:\\\/\\\/medicamentquebec.ca\\\/#organization\"},\"potentialAction\":[{\"@type\":\"SearchAction\",\"target\":{\"@type\":\"EntryPoint\",\"urlTemplate\":\"https:\\\/\\\/medicamentquebec.ca\\\/?s={search_term_string}\"},\"query-input\":{\"@type\":\"PropertyValueSpecification\",\"valueRequired\":true,\"valueName\":\"search_term_string\"}}],\"inLanguage\":\"fr-FR\"},{\"@type\":\"Organization\",\"@id\":\"https:\\\/\\\/medicamentquebec.ca\\\/#organization\",\"name\":\"M\u00e9dicament Qu\u00e9bec\",\"url\":\"https:\\\/\\\/medicamentquebec.ca\\\/\",\"logo\":{\"@type\":\"ImageObject\",\"inLanguage\":\"fr-FR\",\"@id\":\"https:\\\/\\\/medicamentquebec.ca\\\/#\\\/schema\\\/logo\\\/image\\\/\",\"url\":\"https:\\\/\\\/medicamentquebec.ca\\\/wp-content\\\/uploads\\\/2021\\\/06\\\/logo-alt_mq.png\",\"contentUrl\":\"https:\\\/\\\/medicamentquebec.ca\\\/wp-content\\\/uploads\\\/2021\\\/06\\\/logo-alt_mq.png\",\"width\":494,\"height\":266,\"caption\":\"M\u00e9dicament Qu\u00e9bec\"},\"image\":{\"@id\":\"https:\\\/\\\/medicamentquebec.ca\\\/#\\\/schema\\\/logo\\\/image\\\/\"}}]}<\/script>\n<!-- \/ Yoast SEO plugin. -->","yoast_head_json":{"title":"Comit\u00e9 de gouvernance - M\u00e9dicament Qu\u00e9bec","description":"En favorisant les partenariats entre les universit\u00e9s, les coll\u00e8ges et des entreprises pharmaceutiques, M\u00e9dicament Qu\u00e9bec acc\u00e9l\u00e8re la d\u00e9couverte et la production du m\u00e9dicament et l\u2019innovation en sant\u00e9.","robots":{"index":"index","follow":"follow","max-snippet":"max-snippet:-1","max-image-preview":"max-image-preview:large","max-video-preview":"max-video-preview:-1"},"canonical":"https:\/\/medicamentquebec.ca\/index.php\/homepage\/comite-de-gouvernance\/","og_locale":"fr_FR","og_type":"article","og_title":"Comit\u00e9 de gouvernance - M\u00e9dicament Qu\u00e9bec","og_description":"En favorisant les partenariats entre les universit\u00e9s, les coll\u00e8ges et des entreprises pharmaceutiques, M\u00e9dicament Qu\u00e9bec acc\u00e9l\u00e8re la d\u00e9couverte et la production du m\u00e9dicament et l\u2019innovation en sant\u00e9.","og_url":"https:\/\/medicamentquebec.ca\/index.php\/homepage\/comite-de-gouvernance\/","og_site_name":"M\u00e9dicament Qu\u00e9bec","article_modified_time":"2022-12-14T20:37:15+00:00","twitter_card":"summary_large_image","twitter_misc":{"Dur\u00e9e de lecture estim\u00e9e":"1 minute"},"schema":{"@context":"https:\/\/schema.org","@graph":[{"@type":"WebPage","@id":"https:\/\/medicamentquebec.ca\/index.php\/homepage\/comite-de-gouvernance\/","url":"https:\/\/medicamentquebec.ca\/index.php\/homepage\/comite-de-gouvernance\/","name":"Comit\u00e9 de gouvernance - M\u00e9dicament Qu\u00e9bec","isPartOf":{"@id":"https:\/\/medicamentquebec.ca\/#website"},"datePublished":"2021-06-02T20:27:21+00:00","dateModified":"2022-12-14T20:37:15+00:00","description":"En favorisant les partenariats entre les universit\u00e9s, les coll\u00e8ges et des entreprises pharmaceutiques, M\u00e9dicament Qu\u00e9bec acc\u00e9l\u00e8re la d\u00e9couverte et la production du m\u00e9dicament et l\u2019innovation en sant\u00e9.","breadcrumb":{"@id":"https:\/\/medicamentquebec.ca\/index.php\/homepage\/comite-de-gouvernance\/#breadcrumb"},"inLanguage":"fr-FR","potentialAction":[{"@type":"ReadAction","target":["https:\/\/medicamentquebec.ca\/index.php\/homepage\/comite-de-gouvernance\/"]}]},{"@type":"BreadcrumbList","@id":"https:\/\/medicamentquebec.ca\/index.php\/homepage\/comite-de-gouvernance\/#breadcrumb","itemListElement":[{"@type":"ListItem","position":1,"name":"Accueil","item":"https:\/\/medicamentquebec.ca\/"},{"@type":"ListItem","position":2,"name":"Accueil","item":"https:\/\/medicamentquebec.ca\/"},{"@type":"ListItem","position":3,"name":"Comit\u00e9 de gouvernance"}]},{"@type":"WebSite","@id":"https:\/\/medicamentquebec.ca\/#website","url":"https:\/\/medicamentquebec.ca\/","name":"M\u00e9dicament Qu\u00e9bec","description":"","publisher":{"@id":"https:\/\/medicamentquebec.ca\/#organization"},"potentialAction":[{"@type":"SearchAction","target":{"@type":"EntryPoint","urlTemplate":"https:\/\/medicamentquebec.ca\/?s={search_term_string}"},"query-input":{"@type":"PropertyValueSpecification","valueRequired":true,"valueName":"search_term_string"}}],"inLanguage":"fr-FR"},{"@type":"Organization","@id":"https:\/\/medicamentquebec.ca\/#organization","name":"M\u00e9dicament Qu\u00e9bec","url":"https:\/\/medicamentquebec.ca\/","logo":{"@type":"ImageObject","inLanguage":"fr-FR","@id":"https:\/\/medicamentquebec.ca\/#\/schema\/logo\/image\/","url":"https:\/\/medicamentquebec.ca\/wp-content\/uploads\/2021\/06\/logo-alt_mq.png","contentUrl":"https:\/\/medicamentquebec.ca\/wp-content\/uploads\/2021\/06\/logo-alt_mq.png","width":494,"height":266,"caption":"M\u00e9dicament Qu\u00e9bec"},"image":{"@id":"https:\/\/medicamentquebec.ca\/#\/schema\/logo\/image\/"}}]}},"_links":{"self":[{"href":"https:\/\/medicamentquebec.ca\/index.php\/wp-json\/wp\/v2\/pages\/334","targetHints":{"allow":["GET"]}}],"collection":[{"href":"https:\/\/medicamentquebec.ca\/index.php\/wp-json\/wp\/v2\/pages"}],"about":[{"href":"https:\/\/medicamentquebec.ca\/index.php\/wp-json\/wp\/v2\/types\/page"}],"author":[{"embeddable":true,"href":"https:\/\/medicamentquebec.ca\/index.php\/wp-json\/wp\/v2\/users\/1"}],"replies":[{"embeddable":true,"href":"https:\/\/medicamentquebec.ca\/index.php\/wp-json\/wp\/v2\/comments?post=334"}],"version-history":[{"count":12,"href":"https:\/\/medicamentquebec.ca\/index.php\/wp-json\/wp\/v2\/pages\/334\/revisions"}],"predecessor-version":[{"id":1016,"href":"https:\/\/medicamentquebec.ca\/index.php\/wp-json\/wp\/v2\/pages\/334\/revisions\/1016"}],"up":[{"embeddable":true,"href":"https:\/\/medicamentquebec.ca\/index.php\/wp-json\/wp\/v2\/pages\/82"}],"wp:attachment":[{"href":"https:\/\/medicamentquebec.ca\/index.php\/wp-json\/wp\/v2\/media?parent=334"}],"curies":[{"name":"wp","href":"https:\/\/api.w.org\/{rel}","templated":true}]}}