{"id":422,"date":"2021-06-15T15:49:22","date_gmt":"2021-06-15T19:49:22","guid":{"rendered":"http:\/\/medicamentquebec.ca\/?page_id=422"},"modified":"2026-01-21T13:46:42","modified_gmt":"2026-01-21T18:46:42","slug":"collaborateurs","status":"publish","type":"page","link":"https:\/\/medicamentquebec.ca\/index.php\/homepage\/collaborateurs\/","title":{"rendered":"Collaborateurs"},"content":{"rendered":"<p>[vc_row][vc_column][vc_row_inner][vc_column_inner]<div class=\"dt-title-wrapper\"><h1 class=\"section-title\">Collaborateurs<\/h1><\/div>[vc_column_text]<\/p>\n<p data-start=\"199\" data-end=\"532\">M\u00e9dicament Qu\u00e9bec s\u2019appuie sur une <strong data-start=\"234\" data-end=\"275\">communaut\u00e9 de plus de 120 partenaires<\/strong> issus des universit\u00e9s et centres coll\u00e9giaux, du r\u00e9seau de la sant\u00e9, de l\u2019industrie, d\u2019organismes subventionnaires et gouvernementaux, d\u2019organismes \u00e0 but non lucratif, d\u2019acteurs philanthropiques et de partenaires cl\u00e9s de l\u2019\u00e9cosyst\u00e8me des sciences de la vie.<\/p>\n<p data-start=\"534\" data-end=\"861\">Ces partenaires jouent un r\u00f4le central dans la r\u00e9alisation de la mission de M\u00e9dicament Qu\u00e9bec en \u00e9tant activement impliqu\u00e9s dans l\u2019ensemble de nos activit\u00e9s.<\/p>\n<p data-start=\"534\" data-end=\"861\">Ils participent notamment \u00e0:<\/p>\n<ul>\n<li data-start=\"534\" data-end=\"861\">La gouvernance de l\u2019organisation ;<\/li>\n<li data-start=\"993\" data-end=\"1063\">L\u2019\u00e9valuation des propositions soumises dans le cadre de nos appels ;<\/li>\n<li data-start=\"1066\" data-end=\"1115\">Les activit\u00e9s de mentorat et d\u2019accompagnement ;<\/li>\n<li data-start=\"1118\" data-end=\"1196\">Les consultations strat\u00e9giques.<\/li>\n<\/ul>\n<p>[\/vc_column_text]<div style=\"clear:both; width:100%; height:20px\"><\/div>[\/vc_column_inner][\/vc_row_inner][\/vc_column][\/vc_row][vc_row][vc_column][vc_row_inner][vc_column_inner]<div class=\"portfolio-slider-wrapper\"><div id=\"owl-slider-fed\" class=\"owl-carousel portfolio-slider\" data-token=\"c3Frt\"><div class=\"slider-item\"><a title=\"\" href=\"https:\/\/medicamentquebec.ca\/wp-content\/uploads\/2026\/01\/Universite-1024x576.png\" rel=\"prettyPhoto[project_gal_fed]\"><img loading=\"lazy\" decoding=\"async\" width=\"1920\" height=\"1080\" src=\"https:\/\/medicamentquebec.ca\/wp-content\/uploads\/2026\/01\/Universite.png\" class=\"attachment-full\" alt=\"\" srcset=\"https:\/\/medicamentquebec.ca\/wp-content\/uploads\/2026\/01\/Universite.png 1920w, https:\/\/medicamentquebec.ca\/wp-content\/uploads\/2026\/01\/Universite-300x169.png 300w, https:\/\/medicamentquebec.ca\/wp-content\/uploads\/2026\/01\/Universite-1024x576.png 1024w, https:\/\/medicamentquebec.ca\/wp-content\/uploads\/2026\/01\/Universite-768x432.png 768w, https:\/\/medicamentquebec.ca\/wp-content\/uploads\/2026\/01\/Universite-1536x864.png 1536w, https:\/\/medicamentquebec.ca\/wp-content\/uploads\/2026\/01\/Universite-780x439.png 780w, https:\/\/medicamentquebec.ca\/wp-content\/uploads\/2026\/01\/Universite-1120x630.png 1120w\" sizes=\"auto, (max-width: 1920px) 100vw, 1920px\" \/><\/a><\/div><div class=\"slider-item\"><a title=\"\" href=\"https:\/\/medicamentquebec.ca\/wp-content\/uploads\/2026\/01\/Subv-Gov-1024x576.png\" rel=\"prettyPhoto[project_gal_fed]\"><img loading=\"lazy\" decoding=\"async\" width=\"1920\" height=\"1080\" src=\"https:\/\/medicamentquebec.ca\/wp-content\/uploads\/2026\/01\/Subv-Gov.png\" class=\"attachment-full\" alt=\"\" srcset=\"https:\/\/medicamentquebec.ca\/wp-content\/uploads\/2026\/01\/Subv-Gov.png 1920w, https:\/\/medicamentquebec.ca\/wp-content\/uploads\/2026\/01\/Subv-Gov-300x169.png 300w, https:\/\/medicamentquebec.ca\/wp-content\/uploads\/2026\/01\/Subv-Gov-1024x576.png 1024w, https:\/\/medicamentquebec.ca\/wp-content\/uploads\/2026\/01\/Subv-Gov-768x432.png 768w, https:\/\/medicamentquebec.ca\/wp-content\/uploads\/2026\/01\/Subv-Gov-1536x864.png 1536w, https:\/\/medicamentquebec.ca\/wp-content\/uploads\/2026\/01\/Subv-Gov-780x439.png 780w, https:\/\/medicamentquebec.ca\/wp-content\/uploads\/2026\/01\/Subv-Gov-1120x630.png 1120w\" sizes=\"auto, (max-width: 1920px) 100vw, 1920px\" \/><\/a><\/div><div class=\"slider-item\"><a title=\"\" href=\"https:\/\/medicamentquebec.ca\/wp-content\/uploads\/2026\/01\/Pharma-1024x576.png\" rel=\"prettyPhoto[project_gal_fed]\"><img loading=\"lazy\" decoding=\"async\" width=\"1920\" height=\"1080\" src=\"https:\/\/medicamentquebec.ca\/wp-content\/uploads\/2026\/01\/Pharma.png\" class=\"attachment-full\" alt=\"\" srcset=\"https:\/\/medicamentquebec.ca\/wp-content\/uploads\/2026\/01\/Pharma.png 1920w, https:\/\/medicamentquebec.ca\/wp-content\/uploads\/2026\/01\/Pharma-300x169.png 300w, https:\/\/medicamentquebec.ca\/wp-content\/uploads\/2026\/01\/Pharma-1024x576.png 1024w, https:\/\/medicamentquebec.ca\/wp-content\/uploads\/2026\/01\/Pharma-768x432.png 768w, https:\/\/medicamentquebec.ca\/wp-content\/uploads\/2026\/01\/Pharma-1536x864.png 1536w, https:\/\/medicamentquebec.ca\/wp-content\/uploads\/2026\/01\/Pharma-780x439.png 780w, https:\/\/medicamentquebec.ca\/wp-content\/uploads\/2026\/01\/Pharma-1120x630.png 1120w\" sizes=\"auto, (max-width: 1920px) 100vw, 1920px\" \/><\/a><\/div><div class=\"slider-item\"><a title=\"\" href=\"https:\/\/medicamentquebec.ca\/wp-content\/uploads\/2026\/01\/ORC-1024x576.png\" rel=\"prettyPhoto[project_gal_fed]\"><img loading=\"lazy\" decoding=\"async\" width=\"1920\" height=\"1080\" src=\"https:\/\/medicamentquebec.ca\/wp-content\/uploads\/2026\/01\/ORC.png\" class=\"attachment-full\" alt=\"\" srcset=\"https:\/\/medicamentquebec.ca\/wp-content\/uploads\/2026\/01\/ORC.png 1920w, https:\/\/medicamentquebec.ca\/wp-content\/uploads\/2026\/01\/ORC-300x169.png 300w, https:\/\/medicamentquebec.ca\/wp-content\/uploads\/2026\/01\/ORC-1024x576.png 1024w, https:\/\/medicamentquebec.ca\/wp-content\/uploads\/2026\/01\/ORC-768x432.png 768w, https:\/\/medicamentquebec.ca\/wp-content\/uploads\/2026\/01\/ORC-1536x864.png 1536w, https:\/\/medicamentquebec.ca\/wp-content\/uploads\/2026\/01\/ORC-780x439.png 780w, https:\/\/medicamentquebec.ca\/wp-content\/uploads\/2026\/01\/ORC-1120x630.png 1120w\" sizes=\"auto, (max-width: 1920px) 100vw, 1920px\" \/><\/a><\/div><div class=\"slider-item\"><a title=\"\" href=\"https:\/\/medicamentquebec.ca\/wp-content\/uploads\/2026\/01\/Cegep-et-al-1024x576.png\" rel=\"prettyPhoto[project_gal_fed]\"><img loading=\"lazy\" decoding=\"async\" width=\"1920\" height=\"1080\" src=\"https:\/\/medicamentquebec.ca\/wp-content\/uploads\/2026\/01\/Cegep-et-al.png\" class=\"attachment-full\" alt=\"\" srcset=\"https:\/\/medicamentquebec.ca\/wp-content\/uploads\/2026\/01\/Cegep-et-al.png 1920w, https:\/\/medicamentquebec.ca\/wp-content\/uploads\/2026\/01\/Cegep-et-al-300x169.png 300w, https:\/\/medicamentquebec.ca\/wp-content\/uploads\/2026\/01\/Cegep-et-al-1024x576.png 1024w, https:\/\/medicamentquebec.ca\/wp-content\/uploads\/2026\/01\/Cegep-et-al-768x432.png 768w, https:\/\/medicamentquebec.ca\/wp-content\/uploads\/2026\/01\/Cegep-et-al-1536x864.png 1536w, https:\/\/medicamentquebec.ca\/wp-content\/uploads\/2026\/01\/Cegep-et-al-780x439.png 780w, https:\/\/medicamentquebec.ca\/wp-content\/uploads\/2026\/01\/Cegep-et-al-1120x630.png 1120w\" sizes=\"auto, (max-width: 1920px) 100vw, 1920px\" \/><\/a><\/div><div class=\"slider-item\"><a title=\"\" href=\"https:\/\/medicamentquebec.ca\/wp-content\/uploads\/2026\/01\/Biotech-1024x576.png\" rel=\"prettyPhoto[project_gal_fed]\"><img loading=\"lazy\" decoding=\"async\" width=\"1920\" height=\"1080\" src=\"https:\/\/medicamentquebec.ca\/wp-content\/uploads\/2026\/01\/Biotech.png\" class=\"attachment-full\" alt=\"\" srcset=\"https:\/\/medicamentquebec.ca\/wp-content\/uploads\/2026\/01\/Biotech.png 1920w, https:\/\/medicamentquebec.ca\/wp-content\/uploads\/2026\/01\/Biotech-300x169.png 300w, https:\/\/medicamentquebec.ca\/wp-content\/uploads\/2026\/01\/Biotech-1024x576.png 1024w, https:\/\/medicamentquebec.ca\/wp-content\/uploads\/2026\/01\/Biotech-768x432.png 768w, https:\/\/medicamentquebec.ca\/wp-content\/uploads\/2026\/01\/Biotech-1536x864.png 1536w, https:\/\/medicamentquebec.ca\/wp-content\/uploads\/2026\/01\/Biotech-780x439.png 780w, https:\/\/medicamentquebec.ca\/wp-content\/uploads\/2026\/01\/Biotech-1120x630.png 1120w\" sizes=\"auto, (max-width: 1920px) 100vw, 1920px\" \/><\/a><\/div><\/div><div class=\"slider-nav-fed\"><\/div><\/div>[\/vc_column_inner][\/vc_row_inner][\/vc_column][\/vc_row][vc_row][vc_column][\/vc_column][\/vc_row]<\/p>\n","protected":false},"excerpt":{"rendered":"<p>[vc_row][vc_column][vc_row_inner][vc_column_inner][vc_column_text] M\u00e9dicament Qu\u00e9bec s\u2019appuie sur une communaut\u00e9 de plus de 120 partenaires issus des universit\u00e9s et centres coll\u00e9giaux, du r\u00e9seau de la sant\u00e9, de l\u2019industrie,&#8230;<\/p>\n<p class=\"readmore\"><a class=\"more-btn\" href=\"https:\/\/medicamentquebec.ca\/index.php\/homepage\/collaborateurs\/\">Lire la suite<\/a><\/p>\n","protected":false},"author":1,"featured_media":0,"parent":82,"menu_order":0,"comment_status":"closed","ping_status":"closed","template":"template-homepage.php","meta":{"footnotes":""},"class_list":["post-422","page","type-page","status-publish","hentry"],"yoast_head":"<!-- This site is optimized with the Yoast SEO plugin v27.3 - https:\/\/yoast.com\/product\/yoast-seo-wordpress\/ -->\n<title>Collaborateurs - M\u00e9dicament Qu\u00e9bec<\/title>\n<meta name=\"description\" content=\"En favorisant les partenariats entre les universit\u00e9s, les coll\u00e8ges et des entreprises pharmaceutiques, M\u00e9dicament Qu\u00e9bec acc\u00e9l\u00e8re la d\u00e9couverte et la production du m\u00e9dicament et l\u2019innovation en sant\u00e9.\" \/>\n<meta name=\"robots\" content=\"index, follow, max-snippet:-1, max-image-preview:large, max-video-preview:-1\" \/>\n<link rel=\"canonical\" href=\"https:\/\/medicamentquebec.ca\/index.php\/homepage\/collaborateurs\/\" \/>\n<meta property=\"og:locale\" content=\"fr_FR\" \/>\n<meta property=\"og:type\" content=\"article\" \/>\n<meta property=\"og:title\" content=\"Collaborateurs - M\u00e9dicament Qu\u00e9bec\" \/>\n<meta property=\"og:description\" content=\"En favorisant les partenariats entre les universit\u00e9s, les coll\u00e8ges et des entreprises pharmaceutiques, M\u00e9dicament Qu\u00e9bec acc\u00e9l\u00e8re la d\u00e9couverte et la production du m\u00e9dicament et l\u2019innovation en sant\u00e9.\" \/>\n<meta property=\"og:url\" content=\"https:\/\/medicamentquebec.ca\/index.php\/homepage\/collaborateurs\/\" \/>\n<meta property=\"og:site_name\" content=\"M\u00e9dicament Qu\u00e9bec\" \/>\n<meta property=\"article:modified_time\" content=\"2026-01-21T18:46:42+00:00\" \/>\n<meta name=\"twitter:card\" content=\"summary_large_image\" \/>\n<meta name=\"twitter:label1\" content=\"Dur\u00e9e de lecture estim\u00e9e\" \/>\n\t<meta name=\"twitter:data1\" content=\"1 minute\" \/>\n<script type=\"application\/ld+json\" class=\"yoast-schema-graph\">{\"@context\":\"https:\\\/\\\/schema.org\",\"@graph\":[{\"@type\":\"WebPage\",\"@id\":\"https:\\\/\\\/medicamentquebec.ca\\\/index.php\\\/homepage\\\/collaborateurs\\\/\",\"url\":\"https:\\\/\\\/medicamentquebec.ca\\\/index.php\\\/homepage\\\/collaborateurs\\\/\",\"name\":\"Collaborateurs - M\u00e9dicament Qu\u00e9bec\",\"isPartOf\":{\"@id\":\"https:\\\/\\\/medicamentquebec.ca\\\/#website\"},\"datePublished\":\"2021-06-15T19:49:22+00:00\",\"dateModified\":\"2026-01-21T18:46:42+00:00\",\"description\":\"En favorisant les partenariats entre les universit\u00e9s, les coll\u00e8ges et des entreprises pharmaceutiques, M\u00e9dicament Qu\u00e9bec acc\u00e9l\u00e8re la d\u00e9couverte et la production du m\u00e9dicament et l\u2019innovation en sant\u00e9.\",\"breadcrumb\":{\"@id\":\"https:\\\/\\\/medicamentquebec.ca\\\/index.php\\\/homepage\\\/collaborateurs\\\/#breadcrumb\"},\"inLanguage\":\"fr-FR\",\"potentialAction\":[{\"@type\":\"ReadAction\",\"target\":[\"https:\\\/\\\/medicamentquebec.ca\\\/index.php\\\/homepage\\\/collaborateurs\\\/\"]}]},{\"@type\":\"BreadcrumbList\",\"@id\":\"https:\\\/\\\/medicamentquebec.ca\\\/index.php\\\/homepage\\\/collaborateurs\\\/#breadcrumb\",\"itemListElement\":[{\"@type\":\"ListItem\",\"position\":1,\"name\":\"Accueil\",\"item\":\"https:\\\/\\\/medicamentquebec.ca\\\/\"},{\"@type\":\"ListItem\",\"position\":2,\"name\":\"Accueil\",\"item\":\"https:\\\/\\\/medicamentquebec.ca\\\/\"},{\"@type\":\"ListItem\",\"position\":3,\"name\":\"Collaborateurs\"}]},{\"@type\":\"WebSite\",\"@id\":\"https:\\\/\\\/medicamentquebec.ca\\\/#website\",\"url\":\"https:\\\/\\\/medicamentquebec.ca\\\/\",\"name\":\"M\u00e9dicament Qu\u00e9bec\",\"description\":\"\",\"publisher\":{\"@id\":\"https:\\\/\\\/medicamentquebec.ca\\\/#organization\"},\"potentialAction\":[{\"@type\":\"SearchAction\",\"target\":{\"@type\":\"EntryPoint\",\"urlTemplate\":\"https:\\\/\\\/medicamentquebec.ca\\\/?s={search_term_string}\"},\"query-input\":{\"@type\":\"PropertyValueSpecification\",\"valueRequired\":true,\"valueName\":\"search_term_string\"}}],\"inLanguage\":\"fr-FR\"},{\"@type\":\"Organization\",\"@id\":\"https:\\\/\\\/medicamentquebec.ca\\\/#organization\",\"name\":\"M\u00e9dicament Qu\u00e9bec\",\"url\":\"https:\\\/\\\/medicamentquebec.ca\\\/\",\"logo\":{\"@type\":\"ImageObject\",\"inLanguage\":\"fr-FR\",\"@id\":\"https:\\\/\\\/medicamentquebec.ca\\\/#\\\/schema\\\/logo\\\/image\\\/\",\"url\":\"https:\\\/\\\/medicamentquebec.ca\\\/wp-content\\\/uploads\\\/2021\\\/06\\\/logo-alt_mq.png\",\"contentUrl\":\"https:\\\/\\\/medicamentquebec.ca\\\/wp-content\\\/uploads\\\/2021\\\/06\\\/logo-alt_mq.png\",\"width\":494,\"height\":266,\"caption\":\"M\u00e9dicament Qu\u00e9bec\"},\"image\":{\"@id\":\"https:\\\/\\\/medicamentquebec.ca\\\/#\\\/schema\\\/logo\\\/image\\\/\"}}]}<\/script>\n<!-- \/ Yoast SEO plugin. -->","yoast_head_json":{"title":"Collaborateurs - M\u00e9dicament Qu\u00e9bec","description":"En favorisant les partenariats entre les universit\u00e9s, les coll\u00e8ges et des entreprises pharmaceutiques, M\u00e9dicament Qu\u00e9bec acc\u00e9l\u00e8re la d\u00e9couverte et la production du m\u00e9dicament et l\u2019innovation en sant\u00e9.","robots":{"index":"index","follow":"follow","max-snippet":"max-snippet:-1","max-image-preview":"max-image-preview:large","max-video-preview":"max-video-preview:-1"},"canonical":"https:\/\/medicamentquebec.ca\/index.php\/homepage\/collaborateurs\/","og_locale":"fr_FR","og_type":"article","og_title":"Collaborateurs - M\u00e9dicament Qu\u00e9bec","og_description":"En favorisant les partenariats entre les universit\u00e9s, les coll\u00e8ges et des entreprises pharmaceutiques, M\u00e9dicament Qu\u00e9bec acc\u00e9l\u00e8re la d\u00e9couverte et la production du m\u00e9dicament et l\u2019innovation en sant\u00e9.","og_url":"https:\/\/medicamentquebec.ca\/index.php\/homepage\/collaborateurs\/","og_site_name":"M\u00e9dicament Qu\u00e9bec","article_modified_time":"2026-01-21T18:46:42+00:00","twitter_card":"summary_large_image","twitter_misc":{"Dur\u00e9e de lecture estim\u00e9e":"1 minute"},"schema":{"@context":"https:\/\/schema.org","@graph":[{"@type":"WebPage","@id":"https:\/\/medicamentquebec.ca\/index.php\/homepage\/collaborateurs\/","url":"https:\/\/medicamentquebec.ca\/index.php\/homepage\/collaborateurs\/","name":"Collaborateurs - M\u00e9dicament Qu\u00e9bec","isPartOf":{"@id":"https:\/\/medicamentquebec.ca\/#website"},"datePublished":"2021-06-15T19:49:22+00:00","dateModified":"2026-01-21T18:46:42+00:00","description":"En favorisant les partenariats entre les universit\u00e9s, les coll\u00e8ges et des entreprises pharmaceutiques, M\u00e9dicament Qu\u00e9bec acc\u00e9l\u00e8re la d\u00e9couverte et la production du m\u00e9dicament et l\u2019innovation en sant\u00e9.","breadcrumb":{"@id":"https:\/\/medicamentquebec.ca\/index.php\/homepage\/collaborateurs\/#breadcrumb"},"inLanguage":"fr-FR","potentialAction":[{"@type":"ReadAction","target":["https:\/\/medicamentquebec.ca\/index.php\/homepage\/collaborateurs\/"]}]},{"@type":"BreadcrumbList","@id":"https:\/\/medicamentquebec.ca\/index.php\/homepage\/collaborateurs\/#breadcrumb","itemListElement":[{"@type":"ListItem","position":1,"name":"Accueil","item":"https:\/\/medicamentquebec.ca\/"},{"@type":"ListItem","position":2,"name":"Accueil","item":"https:\/\/medicamentquebec.ca\/"},{"@type":"ListItem","position":3,"name":"Collaborateurs"}]},{"@type":"WebSite","@id":"https:\/\/medicamentquebec.ca\/#website","url":"https:\/\/medicamentquebec.ca\/","name":"M\u00e9dicament Qu\u00e9bec","description":"","publisher":{"@id":"https:\/\/medicamentquebec.ca\/#organization"},"potentialAction":[{"@type":"SearchAction","target":{"@type":"EntryPoint","urlTemplate":"https:\/\/medicamentquebec.ca\/?s={search_term_string}"},"query-input":{"@type":"PropertyValueSpecification","valueRequired":true,"valueName":"search_term_string"}}],"inLanguage":"fr-FR"},{"@type":"Organization","@id":"https:\/\/medicamentquebec.ca\/#organization","name":"M\u00e9dicament Qu\u00e9bec","url":"https:\/\/medicamentquebec.ca\/","logo":{"@type":"ImageObject","inLanguage":"fr-FR","@id":"https:\/\/medicamentquebec.ca\/#\/schema\/logo\/image\/","url":"https:\/\/medicamentquebec.ca\/wp-content\/uploads\/2021\/06\/logo-alt_mq.png","contentUrl":"https:\/\/medicamentquebec.ca\/wp-content\/uploads\/2021\/06\/logo-alt_mq.png","width":494,"height":266,"caption":"M\u00e9dicament Qu\u00e9bec"},"image":{"@id":"https:\/\/medicamentquebec.ca\/#\/schema\/logo\/image\/"}}]}},"_links":{"self":[{"href":"https:\/\/medicamentquebec.ca\/index.php\/wp-json\/wp\/v2\/pages\/422","targetHints":{"allow":["GET"]}}],"collection":[{"href":"https:\/\/medicamentquebec.ca\/index.php\/wp-json\/wp\/v2\/pages"}],"about":[{"href":"https:\/\/medicamentquebec.ca\/index.php\/wp-json\/wp\/v2\/types\/page"}],"author":[{"embeddable":true,"href":"https:\/\/medicamentquebec.ca\/index.php\/wp-json\/wp\/v2\/users\/1"}],"replies":[{"embeddable":true,"href":"https:\/\/medicamentquebec.ca\/index.php\/wp-json\/wp\/v2\/comments?post=422"}],"version-history":[{"count":31,"href":"https:\/\/medicamentquebec.ca\/index.php\/wp-json\/wp\/v2\/pages\/422\/revisions"}],"predecessor-version":[{"id":3324,"href":"https:\/\/medicamentquebec.ca\/index.php\/wp-json\/wp\/v2\/pages\/422\/revisions\/3324"}],"up":[{"embeddable":true,"href":"https:\/\/medicamentquebec.ca\/index.php\/wp-json\/wp\/v2\/pages\/82"}],"wp:attachment":[{"href":"https:\/\/medicamentquebec.ca\/index.php\/wp-json\/wp\/v2\/media?parent=422"}],"curies":[{"name":"wp","href":"https:\/\/api.w.org\/{rel}","templated":true}]}}